digit of 149032902?
2
What is the millions digit of 398985107?
8
What is the units digit of 264568994?
4
What is the hundreds digit of 1563955851?
8
What is the thousands digit of 562201087?
1
What is the ten thousands digit of 243390246?
9
What is the ten millions digit of 4770260423?
7
What is the units digit of 447073774?
4
What is the ten millions digit of 39346949?
3
What is the thousands digit of 270321837?
1
What is the hundred millions digit of 935801742?
9
What is the hundreds digit of 40286016?
0
What is the thousands digit of 132804240?
4
What is the ten thousands digit of 55187933?
8
What is the hundred millions digit of 215830274?
2
What is the thousands digit of 20435049?
5
What is the hundreds digit of 368076106?
1
What is the hundred thousands digit of 5678580665?
5
What is the tens digit of 84662268?
6
What is the thousands digit of 375894411?
4
What is the tens digit of 37172386?
8
What is the thousands digit of 334527528?
7
What is the ten millions digit of 188484362?
8
What is the thousands digit of 4213165?
3
What is the tens digit of 60291063?
6
What is the ten thousands digit of 44905144?
0
What is the ten millions digit of 1818865800?
1
What is the millions digit of 41725609?
1
What is the ten millions digit of 19593784?
1
What is the ten thousands digit of 420441489?
4
What is the thousands digit of 3327256186?
6
What is the millions digit of 64946273?
4
What is the ten millions digit of 440618091?
4
What is the ten thousands digit of 6914977?
1
What is the billions digit of 5639401481?
5
What is the hundreds digit of 943339671?
6
What is the millions digit of 843516500?
3
What is the thousands digit of 44786575?
6
What is the ten thousands digit of 31126511?
2
What is the hundreds digit of 47342629?
6
What is the hundred thousands digit of 666873985?
8
What is the thousands digit of 1424181449?
1
What is the ten millions digit of 170022885?
7
What is the billions digit of 3781615745?
3
What is the hundreds digit of 504269683?
6
What is the hundreds digit of 236486058?
0
What is the tens digit of 3725317913?
1
What is the hundred thousands digit of 75662727?
6
What is the hundred millions digit of 143674123?
1
What is the hundreds digit of 1777085999?
9
What is the tens digit of 61742231?
3
What is the ten thousands digit of 2053900992?
0
What is the hundreds digit of 1861389961?
9
What is the units digit of 229694839?
9
What is the hundred millions digit of 240597972?
2
What is the tens digit of 34782115?
1
What is the ten millions digit of 48591102?
4
What is the ten thousands digit of 1609877092?
7
What is the hundreds digit of 82870697?
6
What is the units digit of 4148672338?
8
What is the thousands digit of 106669768?
9
What is the ten millions digit of 51076236?
5
What is the units digit of 379918197?
7
What is the ten millions digit of 60968932?
6
What is the units digit of 61146543?
3
What is the ten thousands digit of 113011433?
1
What is the tens digit of 63096273?
7
What is the millions digit of 23042195?
3
What is the ten thousands digit of 1061881793?
8
What is the hundreds digit of 10291869?
8
What is the tens digit of 274766988?
8
What is the hundreds digit of 4327618983?
9
What is the hundred thousands digit of 13252351?
2
What is the millions digit of 7852446?
7
What is the thousands digit of 1343268858?
8
What is the thousands digit of 24302150?
2
What is the thousands digit of 939406220?
6
What is the billions digit of 5854710658?
5
What is the millions digit of 226094662?
6
What is the millions digit of 3941974439?
1
What is the units digit of 1889305780?
0
What is the hundreds digit of 50980403?
4
What is the hundred thousands digit of 69473410?
4
What is the ten millions digit of 1758803828?
5
What is the thousands digit of 10200477?
0
What is the hundreds digit of 416186624?
6
What is the thousands digit of 652970527?
0
What is the ten thousands digit of 645766825?
6
What is the units digit of 83529427?
7
What is the units digit of 30133560?
0
What is the units digit of 63606128?
8
What is the millions digit of 5286408681?
6
What is the thousands digit of 25700965?
0
What is the units digit of 813277793?
3
What is the hundred thousands digit of 8406364?
4
What is the units digit of 67550697?
7
What is the units digit of 868235177?
7
What is the hundreds digit of 188021942?
9
What is the hundred thousands digit of 975375427?
3
What is the hundred thousands digit of 432661731?
6
What is the hundreds digit of 65565333?
3
What is the units digit of 1694192222?
2
What is the hundred millions digit of 848774897?
8
What is the tens digit of 153020638?
3
What is the ten thousands digit of 1061868694?
6
What is the tens digit of 174827092?
9
What is the hundreds digit of 215605800?
8
What is the hundred thousands digit of 150408094?
4
What is the thousands digit of 1199840461?
0
What is the millions digit of 1805444452?
5
What is the units digit of 3819006345?
5
What is the ten millions digit of 36347506?
3
What is the hundred thousands digit of 32398566?
3
What is the hundreds digit of 768100006?
0
What is the millions digit of 685548737?
5
What is the units digit of 820002674?
4
What is the hundreds digit of 220224304?
3
What is the units digit of 519969603?
3
What is the thousands digit of 174409471?
9
What is the hundred millions digit of 346293386?
3
What is the hundred thousands digit of 27186089?
1
What is the hundred thousands digit of 3891979346?
9
What is the units digit of 44438700?
0
What is the hundreds digit of 753966?
9
What is the ten thousands digit of 7636604?
3
What is the hundred thousands digit of 953009665?
0
What is the thousands digit of 22245876?
5
What is the ten thousands digit of 1404995901?
9
What is the hundreds digit of 70259582?
5
What is the hundred thousands digit of 4228739?
2
What is the tens digit of 16423999?
9
What is the billions digit of 3451637923?
3
What is the billions digit of 1549374469?
1
What is the hundreds digit of 23918679?
6
What is the ten millions digit of 876651246?
7
What is the millions digit of 942938050?
2
What is the ten thousands digit of 1961887343?
8
What is the ten thousands digit of 41757793?
5
What is the ten millions digit of 1207126597?
0
What is the units digit of 849823249?
9
What is the ten thousands digit of 85400815?
0
What is the millions digit of 165334908?
5
What is the hundred thousands digit of 301915570?
9
What is the hundred millions digit of 300556436?
3
What is the hundred thousands digit of 41614501?
6
What is the hundred thousands digit of 856139297?
1
What is the hundreds digit of 56166214?
2
What is the hundred thousands digit of 260043151?
0
What is the hundred millions digit of 460165057?
4
What is the millions digit of 77857402?
7
What is the thousands digit of 2197691716?
1
What is the units digit of 586653217?
7
What is the units digit of 138309704?
4
What is the tens digit of 1982838648?
4
What is the millions digit of 148192245?
8
What is the ten millions digit of 40430800?
4
What is the hundred millions digit of 824353207?
8
What is the millions digit of 4764523824?
4
What is the hundred millions digit of 143710241?
1
What is the ten millions digit of 496447904?
9
What is the hundred millions digit of 501743879?
5
What is the tens digit of 2912176722?
2
What is the ten thousands digit of 84212729?
1
What is the millions digit of 135712847?
5
What is the hundred millions digit of 147269958?
1
What is the tens digit of 44635301?
0
What is the thousands digit of 47897705?
7
What is the hundred millions digit of 452539610?
4
What is the millions digit of 866856915?
6
What is the tens digit of 860031367?
6
What is the thousands digit of 791650928?
0
What is the millions digit of 34093294?
4
What is the hundred thousands digit of 6342966927?
9
What is the thousands digit of 1654317581?
7
What is the thousands digit of 47717661?
7
What is the hundred thousands digit of 50038850?
0
What is the millions digit of 1512737326?
2
What is the hundreds digit of 278250363?
3
What is the ten millions digit of 203891925?
0
What is the ten thousands digit of 362428359?
2
What is the hundred thousands digit of 251917630?
9
What is the hundred millions digit of 5175019792?
1
What is the tens digit of 67166819?
1
What is the hun